and h.
11
Let m(j) = 6*j - 31. Let r be m(-13). Let c = r - -183. Let x = -56 + c. What is the greatest common factor of x and 36?
18
Suppose -8 = -38*x + 36*x. Let l be 2 + 24/9*-3. Let d be (-45)/(-5)*(-4)/l. Calculate the greatest common factor of d and x.
2
Let v = -73 - -77. Let t be ((-294)/(-6) - v) + (1 - 1). Suppose 988 = 2*d - 2*y, 0 = -2*d - 0*y + y + 989. Calculate the highest common factor of t and d.
45
Let t = 10901 - 7231. What is the greatest common factor of 10 and t?
10
Let u(r) = 6*r**2 + 21*r. Let c be u(-8). What is the greatest common divisor of c and 459?
27
Suppose 14*b - 16*b + 103 = 3*d, -4*b = 2*d - 186. Calculate the greatest common factor of b and 2068.
44
Let t = -706 - -1380. Let i = t + -665. Let q(v) = 2*v**2 - v + 3. Let s be q(3). What is the greatest common factor of i and s?
9
Suppose 0 = 5*i - 8*i + 3*y + 21, 2*i + y = 17. What is the highest common divisor of 268 and i?
4
Let o be 28/(-49)*-7 + 10 + 3. Let h be 766 + (1 + -6 - -4). What is the highest common divisor of h and o?
17
Suppose 5*u - 20 = 0, 8*u - 12*u = 3*n - 70. Suppose -k - 90 = -3*s, 3*k - 4*k = 4*s - 120. What is the highest common divisor of n and s?
6
Let j(p) = 3*p**2 + 205*p + 2221. Let r be j(-55). Let g be 1 - ((3 - 2) + 0). Suppose -v + 360 - 129 = g. What is the greatest common factor of r and v?
21
Let f = 2210 + -1986. What is the highest common divisor of 1106 and f?
14
Suppose j + 1394 = 5*a, 4*j + 0*j = 5*a - 1391. Let s(t) = t**2 - 27*t + 171. Let h be s(20). Calculate the highest common divisor of h and a.
31
Suppose q - 5 = 0, -q - 30 = -4*m + 73. Suppose 5*l = 7 + 43. Let x be (18/4)/(5/l). What is the greatest common divisor of x and m?
9
Let x be (-18032)/(-120) + (-2)/3 - (-180)/450. What is the highest common divisor of 5150 and x?
50
Let y(q) = 2515*q**2 - 3*q - 3. Let u be y(-1). Calculate the highest common factor of 5 and u.
5
Suppose 14*n = 39*n - 800. Let b(s) = -s**3 + s**2 - s + 1. Let c be b(1). Suppose 3*o + c*o = 24. Calculate the greatest common divisor of o and n.
8
Suppose 255625 + 109493 = 76*k + 75*k. What is the greatest common divisor of k and 18?
6
Suppose 1239*n - 1265*n = -3276. Let z = 99 + -21. Suppose 5*x - 3*u - z = 0, -x - u = 4*x - 94. What is the greatest common divisor of x and n?
18
Suppose -277 = -2*s - 93. Let c = -4377 - -4492. Calculate the highest common divisor of c and s.
23
Let j(o) be the first derivative of 1/3*o**3 - 18*o + o**2 + 6. Let n be j(-6). Calculate the highest common factor of 42 and n.
6
Let v = 33583 - 15699. What is the highest common factor of 4 and v?
4
Let l = -4393 - -4639. Calculate the highest common divisor of 2829 and l.
123
Let b be 3 + (-3)/((-9)/267). Suppose 3*g - b = -5*c, 4*c = 4*g - c - 181. Suppose -9*o + 94 = -23. Calculate the greatest common divisor of o and g.
13
Suppose 3*h - 34 = 2*x, 40 = -h + 3*h + 3*x. Let k(p) = 2 + 155*p**2 + 5 + 6*p - p - 3. Let l be k(-1). Calculate the highest common divisor of l and h.
14
Let j be ((-39528)/610)/(6/(-20)). What is the greatest common divisor of j and 1566?
54
Let v(k) = -101*k**2 + 210*k**2 + 3*k - 99*k**2 - 3. Let q be v(2). Calculate the highest common divisor of 43 and q.
43
Suppose 0 = 48*o - 10713 - 3111. What is the greatest common divisor of 60 and o?
12
Let h(z) = -z. Let y(k) = 68*k + 1. Let r(q) = 3*h(q) - y(q). Let n be r(1). Let w = -22 - n. Calculate the highest common factor of 20 and w.
10
Let j(r) = 14*r**3 + r**2 - 27*r + 46. Let x be j(2). Let p = -144 + 264. Calculate the greatest common divisor of p and x.
12
Let h(a) = 3*a**2 - 186*a - 1569. Let g be h(-8). Calculate the highest common divisor of g and 481.
37
Suppose 2027*a + 121632 = 2111*a. What is the highest common factor of a and 24?
8
Suppose 1 = -p, 5*p - 229 = -r + 10*p. Suppose 48*g - r = 40*g. What is the highest common factor of 448 and g?
28
Let t(b) = 2*b**3 - 7*b**2 + 5*b + 10. Let q be t(3). Suppose -7*i + q*i = 1134. What is the greatest common factor of i and 28?
14
Let z(l) = -7*l**3 + 3*l**2 + 29*l + 99. Let f be z(-3). Calculate the greatest common divisor of f and 264.
12
Suppose 31*a - 79*a + 105 = -26343. Calculate the highest common factor of a and 38.
19
Let a = 226 + -423. Let d = a - -210. Let n = 161 + -57. What is the greatest common divisor of d and n?
13
Suppose -5*c = -2*p + 60, -5*p + 4*c = 72 - 188. Suppose -2773 = -14*z + 307. What is the highest common factor of p and z?
20
Let h be (6 + (-945)/70)/((-2)/140). Calculate the greatest common factor of h and 6.
3
Let u(q) = q**3 - 17*q**2 + 3*q + 59. Let p be u(15). Let w = 355 + p. What is the highest common divisor of w and 9?
9
Let z = 109 + -144. Let f(h) = -h - 25. Let p be f(z). Suppose -2*a = a - 4*i - 8, 3*i - 7 = -a. Calculate the highest common divisor of p and a.
2
Let m(j) = j**2 + 9*j + 8. Let o be m(-11). Let h(i) = 150*i**2 + 17*i + 2. Let r be h(-1). What is the greatest common factor of o and r?
15
Let d be (1 + 4/(-1))/((-5)/15). Calculate the greatest common factor of d and 7767.
9
Let k be 60/(-4) + (-102)/(-2). What is the highest common divisor of 126 and k?
18
Suppose -176*h = 27769 - 35513. Let r(y) = -44*y + 5. Let l be r(4). Let p = -116 - l. What is the highest common factor of p and h?
11
Suppose -t + 78 = 2*r, -9*t + 6*t + 274 = -4*r. What is the highest common divisor of 903 and t?
43
Let a(c) = c**2 - 21*c + 112. Let n be a(9). Let y be -1 + (34 - 0) - 1. What is the greatest common factor of n and y?
4
Suppose 275 + 109 = u. Suppose y = -0*c - 4*c + 399, 4*y = 4*c - u. Let l = -93 + c. What is the highest common divisor of l and 2?
2
Suppose 0 = -34*z + 5*y + 4125, -4*z + 19*y + 498 = 17*y. Let o(u) = u + 200. Let g be o(0). What is the greatest common factor of z and g?
40
Let w = 123 + -11. Suppose 7*j + 624 = 19*j. Suppose 4*p + 9*d - 92 = 4*d, -2*p - d + j = 0. What is the greatest common factor of p and w?
28
Let z be (-102 + 114)*30/8. What is the highest common factor of z and 20?
5
Let y be -1680*(5130/360)/(2/(-2)). Calculate the greatest common divisor of y and 7.
7
Let y(j) = 21*j**2 + 48*j + 415. Let c be y(-15). Calculate the greatest common factor of 104 and c.
52
Let k be 12/30*45*8*(-3)/(-4). Calculate the highest common factor of 2106 and k.
54
Let b(p) = -7*p + 666. Let o be b(0). Suppose -3*l + 498 = -3*m, 4*l - o = m + 4*m. Suppose d - 156 = l. Calculate the greatest common factor of d and 40.
40
Suppose 5*s + k - 71 = 208, -k = -4. Suppose l = -2*r + 44, 5*r - 267*l + 268*l - 119 = 0. Calculate the greatest common divisor of s and r.
5
Let r(d) = d**3 + 7*d**2 + 10*d + 9. Let j = 3 + 41. Suppose -9*o - j = 2*o. Let k be r(o). What is the highest common factor of 68 and k?
17
Suppose -3*m + o = -301, 3*m = -16*o + 15*o + 293. Suppose -68 = f - m. Calculate the highest common divisor of f and 1.
1
Suppose 6793 + 5709 = 10*m - 7998. Calculate the greatest common divisor of 150 and m.
50
Let c = 219 + -206. Let y be 1*226 + (13 - (26 + -8)). Calculate the highest common divisor of c and y.
13
Suppose -4*v - 47 = -247. Let l be (9 - (-26949)/1287) + 4/66. What is the greatest common factor of v and l?
10
Suppose j + 1 - 101 = 0. Suppose 33*r + 3*n = 30*r + 99, 0 = 5*r - 5*n - 155. Let t = j - r. Calculate the highest common factor of t and 102.
34
Let q be (-3)/((2 - 4) + -16) + 13150/12. Calculate the greatest common divisor of q and 32.
8
Let h be (6/5)/(12 - 14 - 63/(-30)). Calculate the greatest common factor of 9972 and h.
12
Let q = -651 + 324. Let a = q - -354. What is the greatest common factor of a and 18?
9
Let l = 960 + -934. What is the highest common factor of 78 and l?
26
Let l(k) = 46*k + 7. Let f(q) = -q**3 - q**2 + 2. Let a be (-3 - (2 + -5))/2. Let v be f(a). Let c be l(v). Calculate the greatest common divisor of c and 11.
11
Suppose a - 120 = -4*d, -427 - 119 = -5*a - 2*d. Suppose -5*y = -2*w - 352, -1890*y = -1885*y + 5*w - 380. Calculate the highest common factor of y and a.
36
Let d be (-10)/(-8) + 7/((-56)/(-214)). Calculate the highest common divisor of d and 4.
4
Let x(h) = -4*h + 6. Let r be x(1). Suppose 2*n - 48 = -0*n - r*j, 3*n + 4*j - 76 = 0. Calculate the greatest common factor of 12 and n.
4
Suppose k + 180 = x, -4*x + 0*k - k = -700. Calculate the greatest com